{"id":518,"date":"2014-04-11T14:29:52","date_gmt":"2014-04-11T12:29:52","guid":{"rendered":"http:\/\/sv-webdev2.guehring.de\/wp_laender2\/?page_id=518"},"modified":"2014-12-16T10:51:41","modified_gmt":"2014-12-16T10:51:41","slug":"jobs","status":"publish","type":"page","link":"https:\/\/www.guhring-alsace.com\/?page_id=518","title":{"rendered":"Jobs"},"content":{"rendered":"<p>[et_pb_section background_image=&#8221;http:\/\/sv-webdev2.guehring.de\/wp_laender2\/wp-content\/uploads\/2014\/03\/hintergrund.jpg&#8221; background_color=&#8221;#ffffff&#8221; inner_shadow=&#8221;off&#8221; parallax=&#8221;off&#8221;][et_pb_row][et_pb_column type=&#8221;1_2&#8243;][et_pb_text admin_label=&#8221;Text&#8221; background_layout=&#8221;light&#8221; text_orientation=&#8221;left&#8221;]<\/p>\n<h1>Carri\u00e8re!<\/h1>\n<p>&nbsp;<\/p>\n<h2>Rejoignez l\u2019\u00e9quipe G\u00fchring et travaillons<\/h2>\n<h2>ensemble sur la route du succ\u00e8s !<\/h2>\n<p>&nbsp;<\/p>\n<h1>Envoyez votre candidature:<\/h1>\n<h3>G\u00fchring France Alsace S.A.R.L.<\/h3>\n<h3>PA rue des acacias<\/h3>\n<h3>67870 Bischoffsheim<\/h3>\n<h3><\/h3>\n<h3>T\u00e9l.: +33 38 83 34 12 8<\/h3>\n<h3>Fax: +33 38 83 34 14 5<\/h3>\n<h3>E-mail: <a href=\"mailto:info@guhring-alsace.com\">info@guhring-alsace.com<\/a><\/h3>\n<p>[\/et_pb_text][\/et_pb_column][et_pb_column type=&#8221;1_2&#8243;][et_pb_map admin_label=&#8221;Map&#8221; address=&#8221;Parc Activit\u00e9 des Longeray, 74370 Metz-Tessy, Frankreich&#8221; zoom_level=&#8221;6&#8243; address_lat=&#8221;47.224593038136&#8243; address_lng=&#8221;6.807785953620169&#8243; mouse_wheel=&#8221;on&#8221;][et_pb_map_pin title=&#8221;G\u00fchring France Alsace&#8221; pin_address=&#8221;Rue des Acacias, 67870 Bischoffsheim, Frankreich&#8221; pin_address_lat=&#8221;48.4845672&#8243; pin_address_lng=&#8221;7.512630400000035&#8243; \/][\/et_pb_map][\/et_pb_column][\/et_pb_row][et_pb_row][et_pb_column type=&#8221;4_4&#8243;][et_pb_divider admin_label=&#8221;Divider&#8221; color=&#8221;#ffffff&#8221; show_divider=&#8221;off&#8221; height=&#8221;350&#8243; \/][\/et_pb_column][\/et_pb_row][\/et_pb_section]<\/p>\n","protected":false},"excerpt":{"rendered":"<p><div class=\"et_pb_row et_pb_row_0 et_pb_row_empty\">\n\t\t\t\t\n\t\t\t\t\n\t\t\t\t\n\t\t\t\t\n\t\t\t\t\n\t\t\t<\/div> Carri\u00e8re! &nbsp; Rejoignez l\u2019\u00e9quipe G\u00fchring et travaillons ensemble sur la route du succ\u00e8s ! &nbsp; Envoyez votre candidature: G\u00fchring France Alsace S.A.R.L. PA rue des acacias 67870 Bischoffsheim T\u00e9l.: +33 38 83 34 12 8 Fax: +33 38 83 34 14 5 E-mail: info@guhring-alsace.com <div class=\"et_pb_row et_pb_row_1 et_pb_row_empty\">\n\t\t\t\t\n\t\t\t\t\n\t\t\t\t\n\t\t\t\t\n\t\t\t\t\n\t\t\t<\/div><\/p>\n","protected":false},"author":1,"featured_media":0,"parent":0,"menu_order":0,"comment_status":"open","ping_status":"open","template":"","meta":{"_et_pb_use_builder":"on","_et_pb_old_content":"","_et_gb_content_width":"","footnotes":""},"class_list":["post-518","page","type-page","status-publish","hentry"],"_links":{"self":[{"href":"https:\/\/www.guhring-alsace.com\/index.php?rest_route=\/wp\/v2\/pages\/518","targetHints":{"allow":["GET"]}}],"collection":[{"href":"https:\/\/www.guhring-alsace.com\/index.php?rest_route=\/wp\/v2\/pages"}],"about":[{"href":"https:\/\/www.guhring-alsace.com\/index.php?rest_route=\/wp\/v2\/types\/page"}],"author":[{"embeddable":true,"href":"https:\/\/www.guhring-alsace.com\/index.php?rest_route=\/wp\/v2\/users\/1"}],"replies":[{"embeddable":true,"href":"https:\/\/www.guhring-alsace.com\/index.php?rest_route=%2Fwp%2Fv2%2Fcomments&post=518"}],"version-history":[{"count":12,"href":"https:\/\/www.guhring-alsace.com\/index.php?rest_route=\/wp\/v2\/pages\/518\/revisions"}],"predecessor-version":[{"id":1646,"href":"https:\/\/www.guhring-alsace.com\/index.php?rest_route=\/wp\/v2\/pages\/518\/revisions\/1646"}],"wp:attachment":[{"href":"https:\/\/www.guhring-alsace.com\/index.php?rest_route=%2Fwp%2Fv2%2Fmedia&parent=518"}],"curies":[{"name":"wp","href":"https:\/\/api.w.org\/{rel}","templated":true}]}}